
What is the units digit of 489090194?
4
What is the billions digit of 1618835047?
1
What is the hundred thousands digit of 603099846?
0
What is the ten thousands digit of 15848748?
4
What is the thousands digit of 14071923?
1
What is the hundred millions digit of 270916049?
2
What is the millions digit of 280328111?
0
What is the ten millions digit of 720057621?
2
What is the ten thousands digit of 133801752?
0
What is the tens digit of 22987280?
8
What is the hundred thousands digit of 952336735?
3
What is the ten millions digit of 36520388?
3
What is the thousands digit of 119163904?
3
What is the billions digit of 8746484135?
8
What is the thousands digit of 56491869?
1
What is the hundred millions digit of 165432825?
1
What is the thousands digit of 1230932072?
2
What is the hundred millions digit of 393927301?
3
What is the tens digit of 48769781?
8
What is the hundred thousands digit of 43851724?
8
What is the ten thousands digit of 666312004?
1
What is the thousands digit of 1196583428?
3
What is the ten thousands digit of 3115095697?
9
What is the hundred thousands digit of 2389341073?
3
What is the hundred thousands digit of 27485501?
4
What is the millions digit of 425256002?
5
What is the ten thousands digit of 1537449090?
4
What is the units digit of 2052522120?
0
What is the hundreds digit of 837811060?
0
What is the millions digit of 913480038?
3
What is the ten millions digit of 93845180?
9
What is the hundreds digit of 618048840?
8
What is the hundreds digit of 596278181?
1
What is the ten millions digit of 1696531581?
9
What is the hundred thousands digit of 294400296?
4
What is the millions digit of 34656146?
4
What is the thousands digit of 5351135?
1
What is the thousands digit of 15176949?
6
What is the hundred millions digit of 2136509733?
1
What is the millions digit of 91771996?
1
What is the hundred millions digit of 322452018?
3
What is the hundred thousands digit of 332247751?
2
What is the tens digit of 156766410?
1
What is the hundred thousands digit of 50796403?
7
What is the hundreds digit of 135749741?
7
What is the tens digit of 23067212?
1
What is the ten thousands digit of 3530151978?
5
What is the ten millions digit of 2229023335?
2
What is the hundred millions digit of 191795234?
1
What is the tens digit of 1591133777?
7
What is the ten millions digit of 191977159?
9
What is the ten thousands digit of 84024304?
2
What is the millions digit of 372790695?
2
What is the hundreds digit of 83889642?
6
What is the units digit of 464104670?
0
What is the hundred thousands digit of 171527097?
5
What is the billions digit of 4597895858?
4
What is the tens digit of 51467167?
6
What is the hundred thousands digit of 224653746?
6
What is the hundred millions digit of 304810472?
3
What is the ten millions digit of 49139869?
4
What is the ten millions digit of 69639842?
6
What is the hundreds digit of 1613433566?
5
What is the units digit of 5549330?
0
What is the millions digit of 614880781?
4
What is the tens digit of 549185974?
7
What is the thousands digit of 1142542587?
2
What is the hundreds digit of 117481411?
4
What is the millions digit of 3560449498?
0
What is the tens digit of 69743522?
2
What is the tens digit of 5049057347?
4
What is the millions digit of 62081076?
2
What is the ten millions digit of 40300091?
4
What is the ten millions digit of 11150015?
1
What is the hundreds digit of 745865222?
2
What is the units digit of 759957602?
2
What is the hundreds digit of 292980525?
5
What is the ten thousands digit of 2937393677?
9
What is the ten thousands digit of 34733848?
3
What is the tens digit of 6181171918?
1
What is the hundreds digit of 60081737?
7
What is the thousands digit of 1087728361?
8
What is the tens digit of 7431347417?
1
What is the hundred millions digit of 2471565969?
4
What is the hundred millions digit of 2890989774?
8
What is the millions digit of 10443827?
0
What is the hundreds digit of 1524602857?
8
What is the hundred thousands digit of 13363621?
3
What is the hundred thousands digit of 110485806?
4
What is the millions digit of 2387321947?
7
What is the units digit of 25618634?
4
What is the millions digit of 1662636585?
2
What is the units digit of 86637675?
5
What is the millions digit of 15934049?
5
What is the tens digit of 114312372?
7
What is the thousands digit of 1128943513?
3
What is the thousands digit of 168377984?
7
What is the billions digit of 2036066673?
2
What is the thousands digit of 7231710?
1
What is the hundred thousands digit of 1928305632?
3
What is the millions digit of 867969413?
7
What is the ten millions digit of 151352379?
5
What is the units digit of 18417944?
4
What is the ten thousands digit of 16462214?
6
What is the units digit of 41724953?
3
What is the hundred thousands digit of 186244694?
2
What is the hundred thousands digit of 61509708?
5
What is the hundreds digit of 245277459?
4
What is the tens digit of 243912762?
6
What is the millions digit of 475030722?
5
What is the hundred thousands digit of 640619402?
6
What is the tens digit of 714892949?
4
What is the tens digit of 67816653?
5
What is the ten thousands digit of 51530000?
3
What is the hundred thousands digit of 179172317?
1
What is the hundreds digit of 1840800199?
1
What is the tens digit of 1150518249?
4
What is the thousands digit of 71284836?
4
What is the ten millions digit of 54925322?
5
What is the hundreds digit of 2165680182?
1
What is the units digit of 14915429?
9
What is the hundred thousands digit of 293879287?
8
What is the hundreds digit of 406824923?
9
What is the hundred thousands digit of 394114897?
1
What is the ten millions digit of 78981250?
7
What is the hundred thousands digit of 314817923?
8
What is the hundred millions digit of 234233278?
2
What is the ten thousands digit of 281747639?
4
What is the units digit of 204630380?
0
What is the tens digit of 711517797?
9
What is the tens digit of 71010259?
5
What is the tens digit of 435178639?
3
What is the hundreds digit of 641467340?
3
What is the hundred millions digit of 282710084?
2
What is the thousands digit of 42562284?
2
What is the ten millions digit of 817546165?
1
What is the hundred millions digit of 169714003?
1
What is the hundreds digit of 156316468?
4
What is the units digit of 113743891?
1
What is the tens digit of 15382562?
6
What is the ten millions digit of 86927630?
8
What is the tens digit of 989684315?
1
What is the hundreds digit of 158182034?
0
What is the thousands digit of 15296560?
6
What is the tens digit of 1573034618?
1
What is the hundreds digit of 22968153?
1
What is the ten thousands digit of 498714703?
1
What is the ten millions digit of 4442953512?
4
What is the units digit of 3017028799?
9
What is the hundred thousands digit of 32727036?
7
What is the hundreds digit of 1534036?
0
What is the hundred millions digit of 4746734423?
7
What is the tens digit of 52683820?
2
What is the hundred millions digit of 102440267?
1
What is the thousands digit of 1869931213?
1
What is the hundreds digit of 8075660823?
8
What is the ten thousands digit of 16975978?
7
What is the ten thousands digit of 288607750?
0
What is the hundred thousands digit of 1537201422?
2
What is the hundred millions digit of 117697741?
1
What is the units digit of 25089239?
9
What is the thousands digit of 246213707?
3
What is the millions digit of 254142456?
4
What is the thousands digit of 24415238?
5
What is the hundred thousands digit of 81818552?
8
What is the millions digit of 1844406449?
4
What is the tens digit of 203973323?
2
What is the ten millions digit of 72053314?
7
What is the thousands digit of 77044337?
4
What is the ten millions digit of 895782013?
9
What is the tens digit of 84187573?
7
What is the millions digit of 15145541?
5
What is the hundreds digit of 1376151373?
3
What is the thousands digit of 272152504?
2
What is the hundreds digit of 44314171?
1
What is the hundreds digit of 243331183?
1
What is the hundred thousands digit of 9934018?
9
What is the units digit of 236788809?
9
What is the ten thousands digit of 19113547?
1
What is the tens digit of 6949861328?
2
What is the thousands digit of 1580555655?
5
What is the hundred millions digit of 239123578?
2
What is the tens digit 